2 + 41*h + 88. Give s(23).
-27
Let y(t) = t - 15. Give y(21).
6
Let v(b) = -2*b**3 + 233*b**2 - 76*b - 4643. Determine v(116).
-3
Let t(d) = -17*d**3 + 7*d**2 - 8*d - 8. Calculate t(2).
-132
Let r(u) = -5*u - 482. What is r(-57)?
-197
Let t(n) = 122*n - 5547. Give t(45).
-57
Let z(l) = -l**3 + 37*l**2 - 58*l - 1492. Calculate z(34).
4
Let b(t) = 4*t**2 - 99*t - 488. Determine b(29).
5
Let f(v) = -4*v**2 - 17*v - 1. Calculate f(-5).
-16
Let i(k) = 5*k - 191. Determine i(31).
-36
Let u(s) = -7*s**3 + s**2 - 5*s + 8. What is u(2)?
-54
Let h(p) = -p**2 - p - 263. Determine h(0).
-263
Let b(h) = 309*h - 2781. Give b(9).
0
Let p(w) = 13*w**3 + 376*w**2 - 26*w + 33. Calculate p(-29).
-54
Let i(d) = -59*d**2 - 95*d - 99. What is i(-1)?
-63
Let o(a) = -5*a**2 - 337*a - 5647. What is o(-36)?
5
Let n(j) = -j**3 - 83*j**2 - 239*j + 106. What is n(-80)?
26
Let x(c) = c**2 + 827*c - 2494. What is x(3)?
-4
Let x(g) = 787*g - 21210. Give x(27).
39
Let s(k) = -k**3 + 36*k**2 + 78*k - 81. Determine s(38).
-5
Let x(v) = -v**3 + 2*v**2 + 8*v - 6. What is x(6)?
-102
Let v(b) = 88*b - 454. Give v(6).
74
Let h(x) = 26*x**2 + 333*x - 64. What is h(-13)?
1
Let r(q) = 6*q**3 + 2*q**2 + 82*q + 172. Calculate r(-2).
-32
Let b(w) = -2*w**2 + 3*w + 2728. Give b(38).
-46
Let m(x) = x**2 + 4*x - 268. What is m(0)?
-268
Let r(t) = 16*t**2 - 8*t - 24. What is r(-2)?
56
Let a(o) = -213*o - 34. Give a(0).
-34
Let n(c) = 11*c + 118. Give n(-11).
-3
Let p(u) = 38*u + 1987. What is p(-52)?
11
Let c(z) = 7*z**2 - 348*z + 4261. Calculate c(22).
-7
Let k(a) = 3*a**3 + 22*a**2 - 98*a - 186. Determine k(-10).
-6
Let y(k) = -k**2 + 89*k - 1667. What is y(27)?
7
Let s(x) = 570*x - 9097. What is s(16)?
23
Let z(o) = -2*o**2 - 275*o + 551. Determine z(2).
-7
Let t(n) = 106*n**2 + 20*n + 46. What is t(-2)?
430
Let a(f) = 35*f - 138. What is a(6)?
72
Let b(w) = -w**3 + 21*w**2 + 4*w + 416. What is b(22)?
20
Let r(c) = 50*c + 559. What is r(-14)?
-141
Let z(x) = 32*x + 762. Calculate z(-27).
-102
Let j(n) = 4*n**3 - n**2 - 3*n + 293. What is j(0)?
293
Let f(n) = -13*n - 580. Calculate f(-22).
-294
Let b(u) = -u**2 + 51*u + 157. Determine b(-3).
-5
Let f(x) = x**3 + 67*x**2 + 158*x + 1814. What is f(-65)?
-6
Let u(f) = -20*f - 172. What is u(-5)?
-72
Let k(y) = 2*y**2 + 73*y - 1289. Give k(13).
-2
Let s(o) = 3*o**3 - 13*o**2 - 25*o - 225. What is s(7)?
-8
Let u(b) = -b**2 - 20*b + 16. Calculate u(4).
-80
Let m(s) = -s**2 - 578*s - 54. Determine m(0).
-54
Let k(d) = 70*d - 231. Determine k(3).
-21
Let n(u) = u**2 + 36*u - 257. Give n(6).
-5
Let d(g) = 5*g**3 + 13*g**2 - 36*g + 1. What is d(2)?
21
Let n(o) = -1087*o + 13049. Calculate n(12).
5
Let o(m) = -3*m**2 - 14*m - 10. Determine o(-9).
-127
Let v(t) = -2*t**3 + 14*t**2 + 15*t - 13. What is v(9)?
-202
Let d(p) = 2*p - 40. What is d(-4)?
-48
Let f(v) = 3527*v + 14062. Calculate f(-4).
-46
Let f(s) = 214*s - 6637. What is f(31)?
-3
Let f(l) = l**3 + 78*l**2 + 36*l + 2798. Calculate f(-78).
-10
Let q(b) = -b**3 + 8*b**2 - 10*b + 30. What is q(9)?
-141
Let v(h) = -957*h + 2875. Determine v(3).
4
Let l(f) = -1582*f - 49007. Give l(-31).
35
Let g(q) = 31*q - 952. What is g(23)?
-239
Let s(x) = -414*x - 4583. Give s(-11).
-29
Let c(x) = x**2 - 17*x - 796. Calculate c(38).
2
Let i(l) = -l**2 - 190*l + 592. Calculate i(3).
13
Let r(n) = 2*n**2 + 109*n + 821. Give r(-9).
2
Let w(i) = 9*i + 202. Calculate w(-30).
-68
Let p(q) = -6*q + 445. Calculate p(75).
-5
Let t(o) = -o**3 + 68*o**2 - 36*o + 2459. What is t(68)?
11
Let x(h) = 5*h**2 + 23*h + 88. What is x(-5)?
98
Let v(g) = 15*g + 865. Determine v(-45).
190
Let w(a) = 86*a**2 - 2*a + 1. Determine w(1).
85
Let z(n) = -424*n - 1712. Determine z(-4).
-16
Let j(a) = 30*a - 602. Determine j(17).
-92
Let c(g) = -58*g + 155. Determine c(2).
39
Let h(a) = a**3 - 3*a**2 - 4*a + 33. Give h(3).
21
Let l(w) = 68*w + 1428. Determine l(-21).
0
Let w(l) = l**2 + 8*l - 13. Give w(2).
7
Let k(l) = l**3 - 137*l**2 - 425*l + 705. Calculate k(140).
5
Let a(x) = -4*x**3 + 279*x**2 + 72*x - 201. Determine a(70).
-61
Let m(w) = 3*w**3 - 191*w**2 - 65*w + 19. Calculate m(64).
-45
Let x(j) = 48*j**2 - 3169*j + 2. Give x(66).
-64
Let u(f) = -52*f - 1401. Calculate u(-29).
107
Let k(z) = 13*z**2 - 239*z + 90. Determine k(18).
0
Let j(x) = -11*x**2 - 19*x + 421. Give j(-7).
15
Let j(x) = x**3 - 42*x**2 + 34*x + 116. What is j(41)?
-171
Let h(l) = l + 63. Give h(-14).
49
Let t(r) = -7*r**2 + 95*r - 7. Determine t(13).
45
Let j(r) = 3*r**2 + 754*r + 10192. Give j(-237).
1
Let s(b) = 6*b**2 - 645*b + 3083. Determine s(5).
8
Let r(n) = 7*n**2 + 375*n + 221. Determine r(-53).
9
Let v(d) = d**2 + 5*d - 223. Calculate v(0).
-223
Let c(s) = -3*s**2 + 106*s + 23. Calculate c(21).
926
Let n(p) = p**3 - 22*p**2 + 17*p + 67. What is n(21)?
-17
Let d(u) = -11*u**2 + 7*u - 39. Calculate d(3).
-117
Let i(a) = -a**2 - 1335*a - 31465. Calculate i(-24).
-1
Let t(n) = 47*n - 668. Give t(13).
-57
Let t(p) = 180*p + 1988. Calculate t(-11).
8
Let h(r) = -r**2 - 21*r + 1949. Calculate h(35).
-11
Let z(j) = -262*j + 60. Determine z(1).
-202
Let a(p) = p**2 - 19*p - 11. Give a(19).
-11
Let l(r) = -r**2 + 9*r + 1. Determine l(14).
-69
Let m(i) = -28*i + 366. Determine m(12).
30
Let u(s) = -28*s - 49. What is u(6)?
-217
Let j(o) = 2*o**2 - 11*o. Calculate j(0).
0
Let f(u) = -162*u + 8901. Calculate f(55).
-9
Let n(g) = g**2 - 38*g + 133. Give n(35).
28
Let v(m) = -m**2 - 16. Calculate v(11).
-137
Let t(l) = l**3 + 19*l**2 + 107*l + 169. Calculate t(-6).
-5
Let h(x) = -10*x**3 - x. Determine h(-1).
11
Let k(j) = 4*j**3 + 104*j**2 + 10*j + 237. Calculate k(-26).
-23
Let h(l) = 2*l**2 + 68*l + 51. What is h(-19)?
-519
Let g(d) = -7*d**2 - 209*d + 1. Calculate g(-30).
-29
Let a(z) = -z**2 + 50*z + 344. Determine a(56).
8
Let g(i) = 36*i + 784. What is g(-18)?
136
Let x(m) = 2*m**3 + 7*m**2 + 64*m + 401. Give x(-5).
6
Let d(o) = -o - 22. Give d(-12).
-10
Let r(p) = 53*p**2 - 675*p - 14. Give r(13).
168
Let x(m) = -m**3 - 13*m**2 - 29*m + 4. What is x(-4)?
-24
Let q(p) = -2*p**2 + 783*p - 2338. Calculate q(3).
-7
Let h(t) = -1607*t + 14375. Give h(9).
-88
Let o(i) = 309*i + 124536. Calculate o(-403).
9
Let g(y) = y**3 + 166*y**2 + 2*y + 13. Give g(0).
13
Let k(m) = 88*m - 50. What is k(3)?
214
Let l(u) = -u**2 - 72*u - 1249. Calculate l(-39).
38
Let z(b) = -15*b**2 + 389*b + 778. What is z(-2)?
-60
Let o(m) = -m**3 - 8*m**2 - 57*m - 785. What is o(-11)?
205
Let n(g) = g**2 + 45*g - 251. What is n(-49)?
-55
Let j(y) = y**3 - 61*y**2 + 123*y - 143. Calculate j(59).
152
Let t(q) = 2*q**3 - 13*q**2 + 76*q - 556. What is t(7)?
25
Let v(k) = -k**2 - 90*k + 1680. Calculate v(-106).
-16
Let n(f) = -1043*f - 2095. Give n(-2).
-9
Let w(s) = -357*s + 3484. Calculate w(11).
-443
Let k(r) = 4*r**2 - 17*r - 47. Calculate k(4).
-51
Let h(s) = -947*s + 2840. Give h(3).
-1
Let u(v) = -37*v - 113. Give u(5).
-298
Let i(k) = -k**3 - 11*k**2 + 25*k - 30. What is i(-13)?
-17
Let x(q) = -1285*q - 11572. Calculate x(-9).
-7
Let s(p) = p**3 - 16*p**2 + 27*p - 11. What is s(14)?
-25
Let i(k) = 146*k - 22488. What is i(154)?
-4
Let n(s) = -285*s - 1619. Calculate n(-6).
91
Let k(i) = i**3 - 22*i**2 - 68*i + 158. Determine k(24).
-322
Let p(d) = -d**2 + 35*d + 376. Determine p(-9).
-20
Let p(z) = -691*z - 4878. Determine p(-7).
-41
Let b(h) = 2*h**3 + 7*h**2 + 15*h + 76. Determine b(-4).
0
Let k(b) = -b**3 + 21*b**2 - 51*b + 2. What is k(17)?
291
Let m(x) = x**3 - 50*x**2 + 87*x + 104. Determine m(48).
-328
Let s(j) = 31*j + 301. Determine s(-13).
-102
Let s(x) = -140*x - 267. Give s(-2).
13
Let r(u) = 376*u - 8678. Determine r(23).
-30
Let l(f) = 5213*f - 31283. Calculate l(6).
-5
Let o(q) = -13*q - 20. Determine o(-15).
175
Let o(b) = b**3 - 4*b**2 - 30*b + 13. Give o(7).
-50
Let s(g) = 11*g**3 - 77*g**2 + 2*g - 9. Calculate s(7).
5
Let p(x) = -94*x + 2258. What is p(23)?
96
Let i(r) = 12121*r + 60599. What is i(-5)?
-6
Let x(s) = 10*s**2 - 5*s + 69. What is x(4)?
209
Let m(y) = 30*y - 16. Determine m(-14).
-436
Let l(g) = 7*g**2 - 4*g + 18. What is l(-6)?
294
Let i(d) = -8*d - 20. What is i(-8)?
44
Let k(j) = -17*j**2 - 3*j - 21. Determine k(-3).
-165
Let l(g) = 17*g + 415. Calculate l(-26).
-27
Let y(k) = -2*k**2 - 161*k + 623. What is y(4)?
-53
Let i(y) = y**2 + 48*y + 405. W